se 2) to base 14
1
What is -78 (base 13) in base 11?
-90
-2 (base 10) to base 15
-2
2020 (base 3) to base 12
50
What is 0 (base 13) in base 15?
0
Convert -144 (base 8) to base 6.
-244
Convert -11 (base 2) to base 12.
-3
Convert -1 (base 4) to base 3.
-1
Convert 6 (base 9) to base 10.
6
-10 (base 15) to base 7
-21
38 (base 11) to base 6
105
What is 0 (base 15) in base 4?
0
What is -58 (base 15) in base 9?
-102
Convert 4 (base 12) to base 14.
4
32 (base 6) to base 4
110
Convert -1 (base 8) to base 9.
-1
What is 5 (base 15) in base 9?
5
-4 (base 10) to base 4
-10
What is 4 (base 14) in base 7?
4
Convert 51 (base 9) to base 13.
37
Convert -11 (base 2) to base 6.
-3
-4 (base 10) to base 8
-4
Convert -24 (base 5) to base 2.
-1110
What is 17 (base 14) in base 15?
16
Convert 100 (base 2) to base 11.
4
Convert -b0 (base 12) to base 5.
-1012
What is -9 (base 14) in base 11?
-9
3 (base 11) to base 3
10
-3 (base 15) to base 12
-3
What is -102 (base 15) in base 8?
-343
Convert -3 (base 7) to base 2.
-11
What is -1 (base 16) in base 3?
-1
Convert -1 (base 5) to base 11.
-1
Convert -4 (base 15) to base 16.
-4
Convert 5 (base 12) to base 16.
5
-2302 (base 4) to base 13
-109
Convert -56 (base 10) to base 8.
-70
What is 20 (base 14) in base 5?
103
-7 (base 9) to base 12
-7
What is 2 (base 15) in base 12?
2
What is 2 (base 8) in base 15?
2
-22 (base 9) to base 2
-10100
-2 (base 12) to base 11
-2
-11 (base 16) to base 12
-15
10001 (base 2) to base 6
25
b (base 13) to base 12
b
1003 (base 4) to base 13
52
124 (base 8) to base 16
54
Convert 3 (base 13) to base 16.
3
Convert 51 (base 9) to base 5.
141
-64 (base 7) to base 6
-114
17 (base 15) to base 7
31
Convert -2 (base 9) to base 15.
-2
What is -1 (base 6) in base 11?
-1
Convert -123 (base 4) to base 14.
-1d
0 (base 14) to base 11
0
Convert -4 (base 12) to base 11.
-4
35 (base 7) to base 14
1c
What is 3 (base 9) in base 14?
3
Convert 58 (base 15) to base 10.
83
-2 (base 4) to base 15
-2
Convert 3 (base 12) to base 3.
10
Convert 13 (base 8) to base 9.
12
What is -90 (base 10) in base 6?
-230
Convert -4 (base 11) to base 3.
-11
Convert -3 (base 14) to base 5.
-3
1424 (base 5) to base 12
17b
What is 10111001 (base 2) in base 8?
271
2 (base 16) to base 3
2
What is -121 (base 4) in base 3?
-221
Convert -a (base 15) to base 4.
-22
-1 (base 11) to base 12
-1
Convert 3 (base 5) to base 11.
3
42 (base 13) to base 4
312
Convert -313 (base 5) to base 4.
-1103
Convert 0 (base 4) to base 12.
0
What is 3 (base 5) in base 13?
3
What is 5 (base 12) in base 14?
5
Convert -3231 (base 4) to base 16.
-ed
2 (base 10) to base 16
2
1 (base 5) to base 7
1
What is -10 (base 2) in base 4?
-2
10110 (base 2) to base 6
34
What is -3 (base 4) in base 2?
-11
What is 7 (base 9) in base 16?
7
24 (base 6) to base 10
16
What is -1a (base 13) in base 7?
-32
204 (base 5) to base 9
60
-2 (base 14) to base 8
-2
Convert 2 (base 4) to base 9.
2
1d (base 15) to base 16
1c
5 (base 6) to base 12
5
What is -10000 (base 3) in base 11?
-74
Convert 6 (base 7) to base 12.
6
Convert ca (base 14) to base 11.
152
What is 1120 (base 3) in base 16?
2a
Convert 1 (base 13) to base 8.
1
What is 1001 (base 3) in base 7?
40
-9 (base 15) to base 3
-100
Convert 28 (base 10) to base 13.
22
Convert -88 (base 16) to base 6.
-344
Convert 13 (base 8) to base 6.
15
What is -10 (base 13) in base 3?
-111
What is -12 (base 10) in base 7?
-15
-3 (base 6) to base 12
-3
Convert -333 (base 6) to base 3.
-11210
Convert 21 (base 4) to base 14.
9
What is 7 (base 16) in base 3?
21
Convert 27 (base 11) to base 2.
11101
0 (base 15) to base 6
0
What is -4 (base 9) in base 15?
-4
-2f (base 16) to base 10
-47
Convert 33 (base 8) to base 12.
23
Convert -2 (base 4) to base 7.
-2
What is 202 (base 5) in base 11?
48
-14 (base 16) to base 12
-18
What is -25 (base 10) in base 3?
-221
Convert 3 (base 11) to base 12.
3
What is -7 (base 16) in base 15?
-7
Convert -12202 (base 3) to base 13.
-bc
Convert 59 (base 13) to base 11.
68
37 (base 10) to base 4
211
4 (base 10) to base 3
11
Convert -3 (base 5) to base 16.
-3
Convert 3 (base 10) to base 11.
3
-165 (base 9) to base 5
-1030
-82 (base 10) to base 15
-57
Convert -1 (base 8) to base 9.
-1
What is -13a (base 13) in base 16?
-da
Convert 12 (base 6) to base 14.
8
What is 3 (base 8) in base 9?
3
What is -32 (base 12) in base 7?
-53
Convert -75 (base 9) to base 15.
-48
-77 (base 14) to base 5
-410
Convert -2b (base 13) to base 8.
-45
What is 213 (base 5) in base 4?
322
What is -2 (base 7) in base 15?
-2
What is -241 (base 6) in base 11?
-89
3 (base 16) to base 12
3
-1000 (base 2) to base 10
-8
Convert b (base 14) to base 10.
11
What is -114 (base 5) in base 6?
-54
10 (base 12) to base 2
1100
-12 (base 8) to base 9
-11
What is -98 (base 12) in base 16?
-74
What is 57 (base 13) in base 14?
52
-2e (base 15) to base 4
-230
2230 (base 4) to base 9
211
-d (base 16) to base 10
-13
Convert 4 (base 6) to base 5.
4
Convert -77 (base 8) to base 13.
-4b
222 (base 3) to base 6
42
What is -9 (base 13) in base 6?
-13
Convert -2 (base 11) to base 15.
-2
-11 (base 3) to base 8
-4
32 (base 4) to base 9
15
Convert 3 (base 9) to base 2.
11
-6 (base 9) to base 12
-6
-3 (base 5) to base 15
-3
Convert 101001110 (base 2) to base 10.
334
What is 0 (base 3) in base 13?
0
4 (base 5) to base 8
4
-63 (base 8) to base 11
-47
What is -133 (base 12) in base 9?
-223
What is -78 (base 10) in base 11?
-71
-3 (base 13) to base 14
-3
What is 9 (base 13) in base 9?
10
Convert 1 (base 6) to base 11.
1
-2 (base 14) to base 8
-2
-13 (base 13) to base 7
-22
Convert -39 (base 14) to base 10.
-51
Convert 32 (base 6) to base 5.
40
-1 (base 12) to base 15
-1
What is 30 (base 4) in base 12?
10
-26 (base 8) to base 10
-22
What is 10 (base 9) in base 8?
11
Convert 12 (base 6) to base 2.
1000
Convert 1100100 (base 2) to base 11.
91
Convert -15 (base 14) to base 9.
-21
What is -2130 (base 4) in base 16?
-9c
Convert -20 (base 14) to base 8.
-34
What is 45 (base 6) in base 5?
104
Convert 13 (base 9) to base 15.
c
What is -9 (base 10) in base 3?
-100
d (base 16) to base 10
13
-188 (base 9) to base 4
-2201
1 (base 16) to base 3
1
What is 14 (base 6) in base 4?
22
What is -13 (base 16) in base 14?
-15
-10011 (base 2) to base 14
-15
19 (base 12) to base 8
25
What is 6 (base 11) in base 15?
6
What is 2 (base 16) in base 15?
2
What is 8 (base 14) in base 11?
8
Convert -40 (base 5) to base 4.
-110
1001 (base 3) to base 13
22
1 (base 4) to base 16
1
-29 (base 10) to base 15
-1e
What is 0 (base 3) in base 2?
0
Convert 3 (base 11) to base 12.
3
What is 6 (base 11) in base 16?
6
Convert 87 (base 9) to base 12.
67
What is -27 (base 16) in base 4?
-213
Convert -5 (base 6) to base 5.
-10
What is -2a (base 12) in base 6?
-54
-20 (base 8) to base 12
-14
-1 (base 14) to base 13
-1
Convert 41 (base 5) to base 3.
210
What is -8 (base 16) in base 6?
-12
Convert 22 (base 8) to base 13.
15
Convert 1 (base 9) to base 8.
1
What is -4a (base 12) in base 3?
-2011
What is -4 (base 13) in base 2?
-100
14 (base 9) to base 14
d
What is 80 (base 10) in base 9?
88
Convert 123 (base 9) to base 6.
250
What is 3 (base 8) in base 14?
3
What is 3 (base 12) in base 11?
3
What is 76 (base 14) in base 12?
88
-71 (base 10) to base 8
-107
What is 37 (base 14) in base 7?
100
-1 (base 5) to base 9
-1
What is -3 (base 7) in base 9?
-3
What is -31 (base 9) in base 14?
-20
Convert -64 (base 15) to base 2.
-1011110
What is -73 (base 14) in base 9?
-122
Convert 124 (base 6) to base 3.
1221
What is 110020 (base 3) in base 10?
330
What is -12 (base 3) in base 13?
-5
2312 (base 4) to base 11
156
-52 (base 6) to base 16
-20
3 (base 6) to base 7
3
What is -12 (base 16) in base 4?
-102
Convert -11 (base 9) to base 15.
-a
Convert 3 (base 13) to base 7.
3
Convert -2 (base 15) to base 13.
-2
10111000 (base 2) to base 4
2320
What is -34 (base 7) in base 6?
-41
Convert -40 (base 5) to base 12.
-18
-41 (base 5) to base 12
-19
What is e (base 15) in base 4?
32
-4 (base 5) to base 9
-4
Convert 3 (base 4) to base 2.
11
Convert -18 (base 10) to base 6.
-30
What is -5 (base 6) in base 16?
-5
What is 7 (base 15) in base 16?
7
What is -20 (base 15) in base 3?
-1010
Convert 4 (base 11) to base 2.
100
Convert -167 (base 10) to base 16.
-a7
What is 302 (base 7) in base 13?
b